{"id":996,"date":"2016-08-16T00:45:43","date_gmt":"2016-08-15T21:45:43","guid":{"rendered":"http:\/\/kaikkikuvaa.fi\/edu\/?page_id=996"},"modified":"2017-08-04T15:43:25","modified_gmt":"2017-08-04T12:43:25","slug":"rekisteriseloste","status":"publish","type":"page","link":"https:\/\/kaikkikuvaa.fi\/edu\/rekisteriseloste\/","title":{"rendered":"Rekisteriseloste"},"content":{"rendered":"<p>[vc_row][vc_column][vc_empty_space][vc_column_text]<\/p>\n<h4>Rekisteri- ja tietosuojaseloste<\/h4>\n<p>&nbsp;<\/p>\n<p><strong>Rekisterinpit\u00e4j\u00e4: <\/strong>AP Haglund Oy \/ Amazement,\u00a0Y-tunnus: 0702973-8<\/p>\n<p><b>Yhteystiedot: <\/b>S\u00e4hk\u00f6posti: info@amazement.fi &#8211; Postiosoite: AP Haglund Oy \/ Amazement, Fredrikinkatu 33 B, 3. krs,<span style=\"font-weight: 400;\">\u00a000120 Helsinki<\/span><\/p>\n<p><b>Yhteyshenkil\u00f6:<\/b><span style=\"font-weight: 400;\"> Arttu Haglund<\/span><\/p>\n<p><b>Rekisterin nimi:<\/b><span style=\"font-weight: 400;\"> Tiedot Kaikki kuvaa EDU -verkkokoulutuksen ilmoittautujista ja suorittajista<\/span><\/p>\n<p><b>Henkil\u00f6tietojen k\u00e4sittelyn tarkoitus:<\/b><span style=\"font-weight: 400;\"> Koulutuksen suorittajilta ker\u00e4tty\u00e4 palautetta k\u00e4ytet\u00e4\u00e4n koulutuksen laadunarviointiin ja kehitt\u00e4miseen. Henkil\u00f6tiedoilla todennetaan koulutukseen osallistuminen ja ker\u00e4tyn palautteen aitous. Osa ker\u00e4tyist\u00e4 henkil\u00f6\u00e4 koskevista tiedoista on osa sivuston rahoittaneen Opetushallituksen edellytt\u00e4m\u00e4\u00e4 seurantaa.<\/span><\/p>\n<p><b>Rekisterin tietosis\u00e4lt\u00f6: <\/b><span style=\"font-weight: 400;\">Koulutukseen ilmoittautumisen yhteydess\u00e4 ker\u00e4t\u00e4\u00e4n seuraavat tiedot: nimi, s\u00e4hk\u00f6postiosoite, ty\u00f6teht\u00e4v\u00e4, paikkakunta sek\u00e4 mahdollinen koulu, jossa ty\u00f6skentelee.<\/span><\/p>\n<p><span style=\"font-weight: 400;\">Suorituslomakkeessa ker\u00e4t\u00e4\u00e4n edellisten henkil\u00f6tietojen lis\u00e4ksi ik\u00e4, sukupuoli, \u00e4idinkieli ja ty\u00f6kokemus.<\/span><\/p>\n<p><span style=\"font-weight: 400;\">Nimi ja s\u00e4hk\u00f6postiosoite s\u00e4ilytet\u00e4\u00e4n ker\u00e4\u00e4misen j\u00e4lkeen erill\u00e4\u00e4n muista henkil\u00f6\u00e4 koskevista tiedoista.<\/span><\/p>\n<p><span style=\"font-weight: 400;\">Ker\u00e4tty palaute k\u00e4sitell\u00e4\u00e4n ja s\u00e4ilytet\u00e4\u00e4n erill\u00e4\u00e4n henkil\u00f6tiedoista.<\/span><\/p>\n<p><b>S\u00e4\u00e4nn\u00f6nmukaiset tietol\u00e4hteet: <\/b><span style=\"font-weight: 400;\">Rekisterin kaikki tiedot ker\u00e4t\u00e4\u00e4n k\u00e4ytt\u00e4jien t\u00e4ytt\u00e4mist\u00e4 lomakkeista.<\/span><\/p>\n<p><b>Tietojen s\u00e4\u00e4nn\u00f6nmukaiset luovutukset: <\/b><span style=\"font-weight: 400;\">Opetushallitukselle voidaan luovuttaa koulutusta koskeva palaute sek\u00e4 palautteen antajien henkil\u00f6tiedot nime\u00e4 ja yhteystietoja lukuunottamatta. <\/span><\/p>\n<p><strong><b>Rekisterin suojauksen periaatteet: <\/b><span style=\"font-weight: 400;\">Henkil\u00f6tiedot koulutukseen ilmoittautuneista ja sen suorittaneista s\u00e4ilytet\u00e4\u00e4n luottamuksellisesti s\u00e4hk\u00f6isess\u00e4 muodossa. P\u00e4\u00e4sy tietoihin on rajattu ty\u00f6teht\u00e4vien edellytysten mukaisesti.<\/span><\/strong>[\/vc_column_text][\/vc_column][\/vc_row]<\/p>\n","protected":false},"excerpt":{"rendered":"<p>[vc_row][vc_column][vc_empty_space][vc_column_text] Rekisteri- ja tietosuojaseloste &nbsp; Rekisterinpit\u00e4j\u00e4: AP Haglund Oy \/ Amazement,\u00a0Y-tunnus: 0702973-8 Yhteystiedot: S\u00e4hk\u00f6posti: info@amazement.fi &#8211; Postiosoite: AP Haglund Oy \/ Amazement, Fredrikinkatu 33 B, 3. krs,\u00a000120 Helsinki Yhteyshenkil\u00f6: Arttu Haglund Rekisterin nimi: Tiedot Kaikki kuvaa EDU -verkkokoulutuksen ilmoittautujista ja suorittajista Henkil\u00f6tietojen k\u00e4sittelyn tarkoitus: Koulutuksen suorittajilta ker\u00e4tty\u00e4 palautetta k\u00e4ytet\u00e4\u00e4n koulutuksen laadunarviointiin ja kehitt\u00e4miseen. Henkil\u00f6tiedoilla todennetaan [&hellip;]<\/p>\n","protected":false},"author":3,"featured_media":0,"parent":0,"menu_order":0,"comment_status":"closed","ping_status":"closed","template":"","meta":[],"_links":{"self":[{"href":"https:\/\/kaikkikuvaa.fi\/edu\/wp-json\/wp\/v2\/pages\/996"}],"collection":[{"href":"https:\/\/kaikkikuvaa.fi\/edu\/wp-json\/wp\/v2\/pages"}],"about":[{"href":"https:\/\/kaikkikuvaa.fi\/edu\/wp-json\/wp\/v2\/types\/page"}],"author":[{"embeddable":true,"href":"https:\/\/kaikkikuvaa.fi\/edu\/wp-json\/wp\/v2\/users\/3"}],"replies":[{"embeddable":true,"href":"https:\/\/kaikkikuvaa.fi\/edu\/wp-json\/wp\/v2\/comments?post=996"}],"version-history":[{"count":5,"href":"https:\/\/kaikkikuvaa.fi\/edu\/wp-json\/wp\/v2\/pages\/996\/revisions"}],"predecessor-version":[{"id":1275,"href":"https:\/\/kaikkikuvaa.fi\/edu\/wp-json\/wp\/v2\/pages\/996\/revisions\/1275"}],"wp:attachment":[{"href":"https:\/\/kaikkikuvaa.fi\/edu\/wp-json\/wp\/v2\/media?parent=996"}],"curies":[{"name":"wp","href":"https:\/\/api.w.org\/{rel}","templated":true}]}}